ivisor of m and a.
2
Suppose 12*c = 7*c + 15. Calculate the highest common divisor of c and 15.
3
Let n be 56/12*(-3)/(-2). What is the highest common divisor of n and 35?
7
Let h be ((-2)/5)/((-10)/850). What is the highest common factor of 51 and h?
17
Let n be (1 - 0)*((2 - -9) + 3). Let i(l) = 3*l - 2. Let s be i(3). Calculate the greatest common factor of s and n.
7
Let p be 1/((-4)/(-93 + -3)). Calculate the highest common factor of p and 72.
24
Suppose -2*s - 4*n = -18, 0 = 2*s + 2*n + 3*n - 13. What is the highest common factor of 171 and s?
19
Let f = -31 - -41. What is the greatest common divisor of 15 and f?
5
Let t(y) = 284*y + 12. Let j be t(2). What is the highest common divisor of j and 58?
58
Suppose -192 - 61 = -11*v. Calculate the highest common divisor of 23 and v.
23
Let c be (32/12)/(4/198). Calculate the greatest common divisor of c and 12.
12
Let d = 27 + -38. Let z = d - -5. Let x = z - -11. What is the greatest common divisor of x and 5?
5
Let w = 27 - -13. Calculate the greatest common divisor of w and 100.
20
Let x = 5 - 10. Let r be (-10)/25 - 357/x. Let f = -16 + r. Calculate the highest common factor of f and 5.
5
Let w(r) = -15*r + 43. Let a be w(-13). What is the highest common factor of a and 34?
34
Suppose 0 = -3*j - 3*t + 120, -j + 2*t = j - 72. Suppose -3*b - 1 = 2, 118 = 2*p - 4*b. What is the highest common factor of p and j?
19
Let y(v) = v**3 - 5*v**2 + 5*v - 3. Suppose -4*k + 3*k + 4 = 0. Suppose -4*j = -5*j + k. Let i be y(j). What is the greatest common divisor of 4 and i?
1
Let m = -23 + 49. Calculate the greatest common factor of 182 and m.
26
Let k be 4/2 - 8/(-4). Suppose -k*n = 5*t - 5*n - 65, -4*t + 5*n + 31 = 0. What is the greatest common divisor of t and 14?
14
Suppose -q + 2*q - 271 = 0. Let t = q + -159. What is the highest common divisor of 16 and t?
16
Let t be -6*(-16)/12 - 1. Let a be (-168)/9*(-3)/2. Calculate the greatest common divisor of a and t.
7
Suppose -84 = -4*z + r - 7, 0 = -z - 4*r - 2. Let i = 7 + -1. What is the greatest common factor of z and i?
6
Suppose 2*t + 4*f - 26 = 0, -2*t + 7*t = -3*f + 30. What is the greatest common divisor of 1 and t?
1
Let h(j) = 7*j + 13. Let y be h(6). What is the highest common factor of y and 5?
5
Let x = -23 - -34. Let a = 11 + -5. Let n(j) = j**2 + j + 2. Let z be n(a). Calculate the highest common factor of z and x.
11
Let r(n) = 4*n. Let o be (5/((-10)/4))/(-1). Suppose 5*m = 15, -2*m - o - 7 = -5*b. Let d be r(b). Calculate the highest common factor of d and 30.
6
Let y be (-12)/(-3)*35/4. Let z = -25 + y. Calculate the highest common divisor of 10 and z.
10
Suppose v - 3*i = -2*v + 24, -2*i = 6. Suppose -2*u - 24 = -v*u. Let m be (0 - 3)/3*-1. Calculate the highest common factor of m and u.
1
Suppose 0 = -q + 2 + 3. Let s = 25 + -20. Calculate the highest common factor of q and s.
5
Suppose 5*t - 495 = 5*h, 0*h + 303 = 3*t + 3*h. Calculate the greatest common divisor of t and 25.
25
Suppose 0*g - g = 0. Suppose 2*s - 3*s + 2 = g. Suppose 275 = 5*l + t, s*l + t - 96 - 11 = 0. Calculate the highest common factor of 7 and l.
7
Suppose -4*x + 43 = 5*k, -4*k - 69 = -4*x - 17. Calculate the greatest common factor of 4 and x.
4
Suppose -4*i = m - 34, -13 = 5*m - 3*i - 68. Let j = m - 8. Calculate the highest common factor of j and 48.
6
Suppose -8*t + 9*t - 5 = 0. Let k = -87 + 35. Let r = 97 + k. Calculate the highest common divisor of t and r.
5
Suppose 2*i - 5 = 2*u - 3, u - 7 = 5*i. Let j be 76/6 + u/(-9). Suppose -3*d - 2*m - 2*m = -47, -d - 4*m + 21 = 0. What is the highest common factor of d and j?
13
Suppose -t - 1 = -4. Suppose t*f - 43 + 1 = 0. Let h = 27 + 29. What is the highest common divisor of f and h?
14
Suppose -b + 0*u + 13 = u, 0 = 4*b - u - 52. Suppose -10*s + b*s - 42 = 0. What is the greatest common divisor of s and 42?
14
Let n = 10 - 10. Suppose 2*m + n*m - 122 = 0. Suppose 5*z + 16 = m. Calculate the greatest common factor of z and 81.
9
Let c = -8 - -9. Let q(b) be the third derivative of 7*b**5/30 - b**4/12 + b**3/6 + 2*b**2. Let j be q(c). What is the greatest common divisor of j and 13?
13
Let g = -23 - -39. What is the highest common factor of g and 176?
16
Let d be 6*2*(-1)/3. Let m = d + 6. Suppose 4 = m*h - 4. What is the highest common factor of 36 and h?
4
Suppose 3*a - 4*g = 91, 82 - 2 = 4*a + 5*g. Suppose a = 5*c, -6*c = 5*i - c - 285. What is the highest common factor of 26 and i?
26
Let h be 6*1 + (-4)/(-2). Let f = 11 - 0. Let w = f + -3. What is the greatest common factor of w and h?
8
Suppose -17*d = -14*d - 2*n - 34, -5*d + 45 = -n. Suppose -465 = -5*a - y + 6*y, -103 = -a + 3*y. Calculate the greatest common factor of d and a.
8
Suppose 10 = o - 25. What is the greatest common factor of 14 and o?
7
Let j(p) = 3*p**3 + 2*p**2 + p + 1. Let g be j(3). Suppose 2*z = 2*q - 17 + g, -4*z = -q - 169. Calculate the highest common divisor of 28 and z.
14
Let h = 16 - 22. Let p be (-3)/h*12/3. Let l be ((-3)/(-9))/(1/3). Calculate the highest common factor of p and l.
1
Let y = 4 + -9. Let g be (-2)/(-1) + y + 10. What is the highest common divisor of g and 56?
7
Let m be (10/(-8))/(-5 - 39/(-8)). Let a = 99 - 69. What is the highest common divisor of m and a?
10
Suppose 5*t - k = 4 + 2, 2 = -5*t + 3*k. Let p be 4/(-8) + 9/t. Suppose -o = -p*o + 51. What is the greatest common factor of o and 17?
17
Suppose 0 = -5*t + 7*t - 4. Suppose -2*y + t*h - 37 = -5*y, 3*h + 12 = 0. Calculate the highest common factor of 15 and y.
15
Suppose -18*r = -21*r + 99. What is the highest common divisor of r and 363?
33
Let z(m) = -2*m - 3. Let n be z(-6). What is the highest common divisor of n and 18?
9
Let l be (-8)/(-6)*(-108)/(-8). What is the highest common divisor of l and 90?
18
Suppose 2*t + 6 = 3*t. Suppose -90 = 2*y - 8*y. What is the greatest common divisor of y and t?
3
Let x be (-1176)/(-36) - 2/3. What is the highest common divisor of 144 and x?
16
Let w(y) be the first derivative of -y**4/4 + y**3/3 + y**2 + 3*y + 1. Let a be w(-3). What is the highest common factor of 22 and a?
11
Let d = 160 + -68. Suppose 3*o - d = -o. Calculate the highest common divisor of o and 184.
23
Suppose 2*k = 24 + 14. Let a be (2 - -1)/((-6)/(-76)). Calculate the greatest common factor of a and k.
19
Suppose 0*n = -4*n + 36. Let r = 58 + -22. What is the greatest common factor of r and n?
9
Let q = 211 - 145. What is the highest common factor of q and 165?
33
Suppose 11*r - 9*r = 14. Let o(a) = -a**3 + 6*a**2 + 9*a + 3. Let s be o(r). Calculate the highest common factor of 136 and s.
17
Let z(i) = i**2 - i + 1. Let w be z(1). Suppose b - 119 = 3*v, v + 6 = w. Calculate the highest common factor of 26 and b.
26
Let z(i) = 10*i**2 + 5*i + 4. Let f be z(-4). Let t = 63 - 47. What is the highest common factor of f and t?
16
Suppose 3*x - 188 = 838. Calculate the greatest common factor of x and 38.
38
Let o = -13 - -22. Let i(s) = s - 3. Let w be i(5). Let x(v) = 49*v + 1. Let p be x(w). Calculate the greatest common factor of p and o.
9
Let k = 265 - 140. What is the highest common divisor of 50 and k?
25
Suppose -w = -12*d + 10*d + 30, 0 = -4*d - 5*w + 88. Calculate the highest common divisor of d and 1.
1
Let u(t) = 3*t**2 + 6. Let y be u(-5). Calculate the highest common divisor of 54 and y.
27
Let x(p) be the third derivative of p**4/24 - p**3/6 + p**2. Let a be x(6). What is the greatest common divisor of 20 and a?
5
Suppose 14 - 124 = -5*o. What is the greatest common divisor of o and 110?
22
Suppose 0 = -o + 5*j + 11, 0 = 4*o + o + 2*j + 53. Let f = -6 - o. Calculate the greatest common factor of 24 and f.
3
Let i be (1 + 6/(-4))*-2. Let z be (-2)/6*-8*6. Let l = -15 + z. Calculate the highest common factor of i and l.
1
Suppose b = -4*b - 4*m + 68, 0 = 5*b - 5*m - 95. What is the greatest common divisor of 80 and b?
16
Let p(d) = d**3 - 11*d**2 + 2*d - 12. Let v be p(11). Calculate the highest common factor of 25 and v.
5
Let d(t) = -9*t - 19. Let b be d(-3). Suppose -5*l = x - 110, -2*l + 481 = 5*x - 0*l. Let m = x - 63. Calculate the highest common divisor of m and b.
8
Suppose 0*b = s - 3*b, 0 = s - 4*b. Suppose -4*z + 600 = -2*p, 0 = -s*z + 3*z + 5*p - 450. Calculate the greatest common divisor of 15 and z.
15
Let q(w) 